{"id":11417,"date":"2021-01-26T10:46:59","date_gmt":"2021-01-26T10:46:59","guid":{"rendered":"https:\/\/kerrock.si\/staging\/umyvadla-a-drezy\/"},"modified":"2024-06-05T09:54:01","modified_gmt":"2024-06-05T07:54:01","slug":"umyvadla-a-drezy","status":"publish","type":"page","link":"https:\/\/sk.kerrock.si\/staging\/umyvadla-a-drezy\/","title":{"rendered":"Produkty"},"content":{"rendered":"","protected":false},"excerpt":{"rendered":"","protected":false},"author":5,"featured_media":11428,"parent":0,"menu_order":0,"comment_status":"closed","ping_status":"closed","template":"page-products.php","meta":{"_acf_changed":false,"inline_featured_image":false,"footnotes":""},"class_list":["post-11417","page","type-page","status-publish","has-post-thumbnail","hentry"],"acf":[],"yoast_head":"<!-- This site is optimized with the Yoast SEO plugin v26.9 - https:\/\/yoast.com\/product\/yoast-seo-wordpress\/ -->\n<title>Produkty | Staging Kerock<\/title>\n<meta name=\"description\" content=\"Praktick\u00e9, vysoko odoln\u00e9, s \u013eahkou \u00fadr\u017ebou, esteticky pr\u00ed\u0165a\u017eliv\u00e9 a k tomu s nespo\u010detn\u00fdmi mo\u017enos\u0165ami dizajnu a tvarovania \u2013 d\u00f4vodov, pre\u010do sa rozhodn\u00fa\u0165 pre um\u00fdvadlo z Kerrocku, je ve\u013ea a s\u00fa presved\u010div\u00e9.\" \/>\n<meta name=\"robots\" content=\"noindex, follow, max-snippet:-1, max-image-preview:large, max-video-preview:-1\" \/>\n<meta property=\"og:locale\" content=\"sk_SK\" \/>\n<meta property=\"og:type\" content=\"article\" \/>\n<meta property=\"og:title\" content=\"Produkty | Staging Kerock\" \/>\n<meta property=\"og:description\" content=\"Praktick\u00e9, vysoko odoln\u00e9, s \u013eahkou \u00fadr\u017ebou, esteticky pr\u00ed\u0165a\u017eliv\u00e9 a k tomu s nespo\u010detn\u00fdmi mo\u017enos\u0165ami dizajnu a tvarovania \u2013 d\u00f4vodov, pre\u010do sa rozhodn\u00fa\u0165 pre um\u00fdvadlo z Kerrocku, je ve\u013ea a s\u00fa presved\u010div\u00e9.\" \/>\n<meta property=\"og:url\" content=\"https:\/\/sk.kerrock.si\/staging\/umyvadla-a-drezy\/\" \/>\n<meta property=\"og:site_name\" content=\"Staging Kerock\" \/>\n<meta property=\"article:modified_time\" content=\"2024-06-05T07:54:01+00:00\" \/>\n<meta property=\"og:image\" content=\"https:\/\/kerrock.si\/staging\/wp-content\/uploads\/2020\/12\/umivalniki_in_pomivalniki-2.jpg\" \/>\n\t<meta property=\"og:image:width\" content=\"1920\" \/>\n\t<meta property=\"og:image:height\" content=\"700\" \/>\n\t<meta property=\"og:image:type\" content=\"image\/jpeg\" \/>\n<meta name=\"twitter:card\" content=\"summary_large_image\" \/>\n<script type=\"application\/ld+json\" class=\"yoast-schema-graph\">{\"@context\":\"https:\/\/schema.org\",\"@graph\":[{\"@type\":\"WebPage\",\"@id\":\"https:\/\/sk.kerrock.si\/staging\/umyvadla-a-drezy\/\",\"url\":\"https:\/\/sk.kerrock.si\/staging\/umyvadla-a-drezy\/\",\"name\":\"Produkty | Staging Kerock\",\"isPartOf\":{\"@id\":\"https:\/\/sk.kerrock.si\/#website\"},\"primaryImageOfPage\":{\"@id\":\"https:\/\/sk.kerrock.si\/staging\/umyvadla-a-drezy\/#primaryimage\"},\"image\":{\"@id\":\"https:\/\/sk.kerrock.si\/staging\/umyvadla-a-drezy\/#primaryimage\"},\"thumbnailUrl\":\"https:\/\/sk.kerrock.si\/staging\/wp-content\/uploads\/2020\/12\/umivalniki_in_pomivalniki-2.jpg\",\"datePublished\":\"2021-01-26T10:46:59+00:00\",\"dateModified\":\"2024-06-05T07:54:01+00:00\",\"description\":\"Praktick\u00e9, vysoko odoln\u00e9, s \u013eahkou \u00fadr\u017ebou, esteticky pr\u00ed\u0165a\u017eliv\u00e9 a k tomu s nespo\u010detn\u00fdmi mo\u017enos\u0165ami dizajnu a tvarovania \u2013 d\u00f4vodov, pre\u010do sa rozhodn\u00fa\u0165 pre um\u00fdvadlo z Kerrocku, je ve\u013ea a s\u00fa presved\u010div\u00e9.\",\"breadcrumb\":{\"@id\":\"https:\/\/sk.kerrock.si\/staging\/umyvadla-a-drezy\/#breadcrumb\"},\"inLanguage\":\"sk-SK\",\"potentialAction\":[{\"@type\":\"ReadAction\",\"target\":[\"https:\/\/sk.kerrock.si\/staging\/umyvadla-a-drezy\/\"]}]},{\"@type\":\"ImageObject\",\"inLanguage\":\"sk-SK\",\"@id\":\"https:\/\/sk.kerrock.si\/staging\/umyvadla-a-drezy\/#primaryimage\",\"url\":\"https:\/\/sk.kerrock.si\/staging\/wp-content\/uploads\/2020\/12\/umivalniki_in_pomivalniki-2.jpg\",\"contentUrl\":\"https:\/\/sk.kerrock.si\/staging\/wp-content\/uploads\/2020\/12\/umivalniki_in_pomivalniki-2.jpg\",\"width\":1920,\"height\":700},{\"@type\":\"BreadcrumbList\",\"@id\":\"https:\/\/sk.kerrock.si\/staging\/umyvadla-a-drezy\/#breadcrumb\",\"itemListElement\":[{\"@type\":\"ListItem\",\"position\":1,\"name\":\"Home\",\"item\":\"https:\/\/sk.kerrock.si\/\"},{\"@type\":\"ListItem\",\"position\":2,\"name\":\"Produkty\"}]},{\"@type\":\"WebSite\",\"@id\":\"https:\/\/sk.kerrock.si\/#website\",\"url\":\"https:\/\/sk.kerrock.si\/\",\"name\":\"Staging Kerock\",\"description\":\"Predstavte si \u010doko\u013evek. My to zrealizujeme.\",\"publisher\":{\"@id\":\"https:\/\/sk.kerrock.si\/#organization\"},\"potentialAction\":[{\"@type\":\"SearchAction\",\"target\":{\"@type\":\"EntryPoint\",\"urlTemplate\":\"https:\/\/sk.kerrock.si\/?s={search_term_string}\"},\"query-input\":{\"@type\":\"PropertyValueSpecification\",\"valueRequired\":true,\"valueName\":\"search_term_string\"}}],\"inLanguage\":\"sk-SK\"},{\"@type\":\"Organization\",\"@id\":\"https:\/\/sk.kerrock.si\/#organization\",\"name\":\"Kerrock\",\"url\":\"https:\/\/sk.kerrock.si\/\",\"logo\":{\"@type\":\"ImageObject\",\"inLanguage\":\"sk-SK\",\"@id\":\"https:\/\/sk.kerrock.si\/#\/schema\/logo\/image\/\",\"url\":\"https:\/\/sk.kerrock.si\/staging\/wp-content\/uploads\/2021\/01\/facebook_share_image_1200x628_v2_20210106.jpg\",\"contentUrl\":\"https:\/\/sk.kerrock.si\/staging\/wp-content\/uploads\/2021\/01\/facebook_share_image_1200x628_v2_20210106.jpg\",\"width\":1200,\"height\":628,\"caption\":\"Kerrock\"},\"image\":{\"@id\":\"https:\/\/sk.kerrock.si\/#\/schema\/logo\/image\/\"}}]}<\/script>\n<!-- \/ Yoast SEO plugin. -->","yoast_head_json":{"title":"Produkty | Staging Kerock","description":"Praktick\u00e9, vysoko odoln\u00e9, s \u013eahkou \u00fadr\u017ebou, esteticky pr\u00ed\u0165a\u017eliv\u00e9 a k tomu s nespo\u010detn\u00fdmi mo\u017enos\u0165ami dizajnu a tvarovania \u2013 d\u00f4vodov, pre\u010do sa rozhodn\u00fa\u0165 pre um\u00fdvadlo z Kerrocku, je ve\u013ea a s\u00fa presved\u010div\u00e9.","robots":{"index":"noindex","follow":"follow","max-snippet":"max-snippet:-1","max-image-preview":"max-image-preview:large","max-video-preview":"max-video-preview:-1"},"og_locale":"sk_SK","og_type":"article","og_title":"Produkty | Staging Kerock","og_description":"Praktick\u00e9, vysoko odoln\u00e9, s \u013eahkou \u00fadr\u017ebou, esteticky pr\u00ed\u0165a\u017eliv\u00e9 a k tomu s nespo\u010detn\u00fdmi mo\u017enos\u0165ami dizajnu a tvarovania \u2013 d\u00f4vodov, pre\u010do sa rozhodn\u00fa\u0165 pre um\u00fdvadlo z Kerrocku, je ve\u013ea a s\u00fa presved\u010div\u00e9.","og_url":"https:\/\/sk.kerrock.si\/staging\/umyvadla-a-drezy\/","og_site_name":"Staging Kerock","article_modified_time":"2024-06-05T07:54:01+00:00","og_image":[{"width":1920,"height":700,"url":"https:\/\/kerrock.si\/staging\/wp-content\/uploads\/2020\/12\/umivalniki_in_pomivalniki-2.jpg","type":"image\/jpeg"}],"twitter_card":"summary_large_image","schema":{"@context":"https:\/\/schema.org","@graph":[{"@type":"WebPage","@id":"https:\/\/sk.kerrock.si\/staging\/umyvadla-a-drezy\/","url":"https:\/\/sk.kerrock.si\/staging\/umyvadla-a-drezy\/","name":"Produkty | Staging Kerock","isPartOf":{"@id":"https:\/\/sk.kerrock.si\/#website"},"primaryImageOfPage":{"@id":"https:\/\/sk.kerrock.si\/staging\/umyvadla-a-drezy\/#primaryimage"},"image":{"@id":"https:\/\/sk.kerrock.si\/staging\/umyvadla-a-drezy\/#primaryimage"},"thumbnailUrl":"https:\/\/sk.kerrock.si\/staging\/wp-content\/uploads\/2020\/12\/umivalniki_in_pomivalniki-2.jpg","datePublished":"2021-01-26T10:46:59+00:00","dateModified":"2024-06-05T07:54:01+00:00","description":"Praktick\u00e9, vysoko odoln\u00e9, s \u013eahkou \u00fadr\u017ebou, esteticky pr\u00ed\u0165a\u017eliv\u00e9 a k tomu s nespo\u010detn\u00fdmi mo\u017enos\u0165ami dizajnu a tvarovania \u2013 d\u00f4vodov, pre\u010do sa rozhodn\u00fa\u0165 pre um\u00fdvadlo z Kerrocku, je ve\u013ea a s\u00fa presved\u010div\u00e9.","breadcrumb":{"@id":"https:\/\/sk.kerrock.si\/staging\/umyvadla-a-drezy\/#breadcrumb"},"inLanguage":"sk-SK","potentialAction":[{"@type":"ReadAction","target":["https:\/\/sk.kerrock.si\/staging\/umyvadla-a-drezy\/"]}]},{"@type":"ImageObject","inLanguage":"sk-SK","@id":"https:\/\/sk.kerrock.si\/staging\/umyvadla-a-drezy\/#primaryimage","url":"https:\/\/sk.kerrock.si\/staging\/wp-content\/uploads\/2020\/12\/umivalniki_in_pomivalniki-2.jpg","contentUrl":"https:\/\/sk.kerrock.si\/staging\/wp-content\/uploads\/2020\/12\/umivalniki_in_pomivalniki-2.jpg","width":1920,"height":700},{"@type":"BreadcrumbList","@id":"https:\/\/sk.kerrock.si\/staging\/umyvadla-a-drezy\/#breadcrumb","itemListElement":[{"@type":"ListItem","position":1,"name":"Home","item":"https:\/\/sk.kerrock.si\/"},{"@type":"ListItem","position":2,"name":"Produkty"}]},{"@type":"WebSite","@id":"https:\/\/sk.kerrock.si\/#website","url":"https:\/\/sk.kerrock.si\/","name":"Staging Kerock","description":"Predstavte si \u010doko\u013evek. My to zrealizujeme.","publisher":{"@id":"https:\/\/sk.kerrock.si\/#organization"},"potentialAction":[{"@type":"SearchAction","target":{"@type":"EntryPoint","urlTemplate":"https:\/\/sk.kerrock.si\/?s={search_term_string}"},"query-input":{"@type":"PropertyValueSpecification","valueRequired":true,"valueName":"search_term_string"}}],"inLanguage":"sk-SK"},{"@type":"Organization","@id":"https:\/\/sk.kerrock.si\/#organization","name":"Kerrock","url":"https:\/\/sk.kerrock.si\/","logo":{"@type":"ImageObject","inLanguage":"sk-SK","@id":"https:\/\/sk.kerrock.si\/#\/schema\/logo\/image\/","url":"https:\/\/sk.kerrock.si\/staging\/wp-content\/uploads\/2021\/01\/facebook_share_image_1200x628_v2_20210106.jpg","contentUrl":"https:\/\/sk.kerrock.si\/staging\/wp-content\/uploads\/2021\/01\/facebook_share_image_1200x628_v2_20210106.jpg","width":1200,"height":628,"caption":"Kerrock"},"image":{"@id":"https:\/\/sk.kerrock.si\/#\/schema\/logo\/image\/"}}]}},"_links":{"self":[{"href":"https:\/\/sk.kerrock.si\/staging\/wp-json\/wp\/v2\/pages\/11417","targetHints":{"allow":["GET"]}}],"collection":[{"href":"https:\/\/sk.kerrock.si\/staging\/wp-json\/wp\/v2\/pages"}],"about":[{"href":"https:\/\/sk.kerrock.si\/staging\/wp-json\/wp\/v2\/types\/page"}],"author":[{"embeddable":true,"href":"https:\/\/sk.kerrock.si\/staging\/wp-json\/wp\/v2\/users\/5"}],"replies":[{"embeddable":true,"href":"https:\/\/sk.kerrock.si\/staging\/wp-json\/wp\/v2\/comments?post=11417"}],"version-history":[{"count":2,"href":"https:\/\/sk.kerrock.si\/staging\/wp-json\/wp\/v2\/pages\/11417\/revisions"}],"predecessor-version":[{"id":97698,"href":"https:\/\/sk.kerrock.si\/staging\/wp-json\/wp\/v2\/pages\/11417\/revisions\/97698"}],"wp:featuredmedia":[{"embeddable":true,"href":"https:\/\/sk.kerrock.si\/staging\/wp-json\/wp\/v2\/media\/11428"}],"wp:attachment":[{"href":"https:\/\/sk.kerrock.si\/staging\/wp-json\/wp\/v2\/media?parent=11417"}],"curies":[{"name":"wp","href":"https:\/\/api.w.org\/{rel}","templated":true}]}}